{"id":7,"date":"2025-04-08T11:49:59","date_gmt":"2025-04-08T09:49:59","guid":{"rendered":"https:\/\/unpcpourmoi.fr\/?page_id=7"},"modified":"2025-09-16T23:32:13","modified_gmt":"2025-09-16T21:32:13","slug":"accueil","status":"publish","type":"page","link":"https:\/\/unpcpourmoi.fr\/","title":{"rendered":"accueil"},"content":{"rendered":"\n<div class=\"wp-block-buttons is-layout-flex wp-block-buttons-is-layout-flex\">\n<div class=\"wp-block-button has-custom-width wp-block-button__width-25 has-custom-font-size is-style-fill has-small-font-size\"><a class=\"wp-block-button__link has-luminous-vivid-amber-color has-text-color has-link-color has-text-align-center wp-element-button\" href=\"https:\/\/unpcpourmoi.fr\/?page_id=12\" style=\"padding-right:0;padding-left:0\">Contact<\/a><\/div>\n\n\n\n<div class=\"wp-block-button has-custom-width wp-block-button__width-50 has-custom-font-size has-small-font-size\"><a class=\"wp-block-button__link has-luminous-vivid-amber-color has-text-color has-link-color wp-element-button\" href=\"https:\/\/unpcpourmoi.fr\/?page_id=7\" style=\"border-style:none;border-width:0px;border-radius:0px;padding-top:0;padding-right:0;padding-bottom:0;padding-left:0\">Accueil<\/a><\/div>\n\n\n\n<div class=\"wp-block-button has-custom-width wp-block-button__width-25 has-custom-font-size has-small-font-size\"><a class=\"wp-block-button__link has-luminous-vivid-amber-color has-text-color has-link-color wp-element-button\" href=\"https:\/\/unpcpourmoi.fr\/?page_id=14\" style=\"padding-right:0;padding-left:0\">Service<\/a><\/div>\n<\/div>\n\n\n\n<p class=\"has-text-align-center has-border-color has-light-green-cyan-border-color\" style=\"border-width:1px\">UNPCPOURMOI<\/p>\n\n\n\n<div class=\"wp-block-cover\"><img loading=\"lazy\" decoding=\"async\" width=\"576\" height=\"1024\" class=\"wp-block-cover__image-background wp-image-134\" alt=\"\" src=\"https:\/\/unpcpourmoi.fr\/wp-content\/uploads\/2025\/04\/pc-576x1024.jpg\" style=\"object-position:40% 33%\" data-object-fit=\"cover\" data-object-position=\"40% 33%\" srcset=\"https:\/\/unpcpourmoi.fr\/wp-content\/uploads\/2025\/04\/pc-576x1024.jpg 576w, https:\/\/unpcpourmoi.fr\/wp-content\/uploads\/2025\/04\/pc-169x300.jpg 169w, https:\/\/unpcpourmoi.fr\/wp-content\/uploads\/2025\/04\/pc-768x1365.jpg 768w, https:\/\/unpcpourmoi.fr\/wp-content\/uploads\/2025\/04\/pc-864x1536.jpg 864w, https:\/\/unpcpourmoi.fr\/wp-content\/uploads\/2025\/04\/pc-1152x2048.jpg 1152w, https:\/\/unpcpourmoi.fr\/wp-content\/uploads\/2025\/04\/pc-scaled.jpg 1440w\" sizes=\"auto, (max-width: 576px) 100vw, 576px\" \/><span aria-hidden=\"true\" class=\"wp-block-cover__background has-background-dim\"><\/span><div class=\"wp-block-cover__inner-container is-layout-constrained wp-block-cover-is-layout-constrained\">\n<p class=\"has-text-align-center has-luminous-vivid-amber-color has-text-color has-link-color has-montserrat-font-family wp-elements-88641b897039e592c90ab7c46b1b4ed1\" style=\"border-style:none;border-width:0px;font-size:1.44rem\"><strong>Services informatiques \u00e0 domicile et sur mesure dans le 17<\/strong><\/p>\n\n\n\n<p class=\"has-text-align-center has-luminous-vivid-amber-color has-text-color has-link-color has-montserrat-font-family wp-elements-6294d5abd7910b431d7cf9418e75133a\" style=\"border-style:none;border-width:0px;font-size:1.5rem\">( Windows, Apple, Linux )<\/p>\n<\/div><\/div>\n\n\n\n<h2 class=\"wp-block-heading has-background-color has-text-color has-link-color has-montserrat-font-family wp-elements-14300d99cdb460d0688361db1cd44dd4\" style=\"font-size:56px;text-decoration:underline\">Nouveau Site en ligne <\/h2>\n\n\n\n<p class=\"has-text-align-center has-border-color has-light-green-cyan-border-color has-montserrat-font-family has-large-font-size\" style=\"border-width:1px\">Pour Avoir Acc\u00e8s Au Services Cliquez <a href=\"https:\/\/unpcpourmoi.fr\/?page_id=14\">Juste ici <\/a><\/p>\n\n\n\n<figure class=\"wp-block-pullquote has-text-align-center has-border-color has-light-green-cyan-border-color has-source-serif-pro-font-family\" style=\"padding-top:0;padding-right:0;padding-bottom:0;padding-left:0;font-size:1rem\"><blockquote><p><\/p><cite>Je m&rsquo;appelle J\u00e9r\u00e9my, passionn\u00e9 d&rsquo;informatique depuis toujours. Tr\u00e8s jeune d\u00e9j\u00e0, j\u2019\u00e9tais fascin\u00e9 par les ordinateurs et les nouvelles technologies. Avec les ann\u00e9es, j\u2019ai appris, exp\u00e9riment\u00e9, et perfectionn\u00e9 mes comp\u00e9tences pour en faire aujourd\u2019hui mon m\u00e9tier et mon expertise. <br><br>Je me suis sp\u00e9cialis\u00e9 dans la conception et la personnalisation de PC sur mesure, adapt\u00e9s aux besoins sp\u00e9cifiques de chacun : gamers, cr\u00e9ateurs de contenu, ou simplement toute personne souhaitant un ordinateur fiable et performant. Chaque projet est unique, et je prends soin de choisir les composants les mieux adapt\u00e9s pour garantir performance, fiabilit\u00e9 et respect du budget. En parall\u00e8le,<br><br>je propose des services de <strong>r\u00e9paration et d\u2019entretien informatique<\/strong> : ralentissements, remplacement de composants, optimisation logiciel, et bien plus encore. Mon objectif : proposer des solutions personnalis\u00e9es, alliant qualit\u00e9, performance et durabilit\u00e9. Que vous souhaitiez monter le PC de vos r\u00eaves ou remettre en \u00e9tat votre mat\u00e9riel actuel, je suis l\u00e0 pour vous accompagner.<br><br><strong>N&rsquo;h\u00e9sitez pas \u00e0 me contacter<\/strong> pour discuter de votre projet ou de vos besoins en informatique !<\/cite><\/blockquote><\/figure>\n\n\n\n<div class=\"wp-block-group alignfull is-layout-constrained wp-block-group-is-layout-constrained\">\n<div class=\"wp-block-group alignwide is-layout-flow wp-block-group-is-layout-flow\" style=\"padding-top:4rem;padding-bottom:4rem\">\n<ul class=\"wp-block-social-links has-icon-color has-icon-background-color is-content-justification-center is-layout-flex wp-container-core-social-links-is-layout-a89b3969 wp-block-social-links-is-layout-flex\"><li style=\"color:var(--wp--preset--color--foreground);background-color:var(--wp--preset--color--background);\" class=\"wp-social-link wp-social-link-instagram has-foreground-color has-background-background-color wp-block-social-link\"><a href=\"#\" class=\"wp-block-social-link-anchor\"><svg width=\"24\" height=\"24\" viewBox=\"0 0 24 24\" version=\"1.1\" xmlns=\"http:\/\/www.w3.org\/2000\/svg\" aria-hidden=\"true\" focusable=\"false\"><path d=\"M12,4.622c2.403,0,2.688,0.009,3.637,0.052c0.877,0.04,1.354,0.187,1.671,0.31c0.42,0.163,0.72,0.358,1.035,0.673 c0.315,0.315,0.51,0.615,0.673,1.035c0.123,0.317,0.27,0.794,0.31,1.671c0.043,0.949,0.052,1.234,0.052,3.637 s-0.009,2.688-0.052,3.637c-0.04,0.877-0.187,1.354-0.31,1.671c-0.163,0.42-0.358,0.72-0.673,1.035 c-0.315,0.315-0.615,0.51-1.035,0.673c-0.317,0.123-0.794,0.27-1.671,0.31c-0.949,0.043-1.233,0.052-3.637,0.052 s-2.688-0.009-3.637-0.052c-0.877-0.04-1.354-0.187-1.671-0.31c-0.42-0.163-0.72-0.358-1.035-0.673 c-0.315-0.315-0.51-0.615-0.673-1.035c-0.123-0.317-0.27-0.794-0.31-1.671C4.631,14.688,4.622,14.403,4.622,12 s0.009-2.688,0.052-3.637c0.04-0.877,0.187-1.354,0.31-1.671c0.163-0.42,0.358-0.72,0.673-1.035 c0.315-0.315,0.615-0.51,1.035-0.673c0.317-0.123,0.794-0.27,1.671-0.31C9.312,4.631,9.597,4.622,12,4.622 M12,3 C9.556,3,9.249,3.01,8.289,3.054C7.331,3.098,6.677,3.25,6.105,3.472C5.513,3.702,5.011,4.01,4.511,4.511 c-0.5,0.5-0.808,1.002-1.038,1.594C3.25,6.677,3.098,7.331,3.054,8.289C3.01,9.249,3,9.556,3,12c0,2.444,0.01,2.751,0.054,3.711 c0.044,0.958,0.196,1.612,0.418,2.185c0.23,0.592,0.538,1.094,1.038,1.594c0.5,0.5,1.002,0.808,1.594,1.038 c0.572,0.222,1.227,0.375,2.185,0.418C9.249,20.99,9.556,21,12,21s2.751-0.01,3.711-0.054c0.958-0.044,1.612-0.196,2.185-0.418 c0.592-0.23,1.094-0.538,1.594-1.038c0.5-0.5,0.808-1.002,1.038-1.594c0.222-0.572,0.375-1.227,0.418-2.185 C20.99,14.751,21,14.444,21,12s-0.01-2.751-0.054-3.711c-0.044-0.958-0.196-1.612-0.418-2.185c-0.23-0.592-0.538-1.094-1.038-1.594 c-0.5-0.5-1.002-0.808-1.594-1.038c-0.572-0.222-1.227-0.375-2.185-0.418C14.751,3.01,14.444,3,12,3L12,3z M12,7.378 c-2.552,0-4.622,2.069-4.622,4.622S9.448,16.622,12,16.622s4.622-2.069,4.622-4.622S14.552,7.378,12,7.378z M12,15 c-1.657,0-3-1.343-3-3s1.343-3,3-3s3,1.343,3,3S13.657,15,12,15z M16.804,6.116c-0.596,0-1.08,0.484-1.08,1.08 s0.484,1.08,1.08,1.08c0.596,0,1.08-0.484,1.08-1.08S17.401,6.116,16.804,6.116z\"><\/path><\/svg><span class=\"wp-block-social-link-label screen-reader-text\">Instagram<\/span><\/a><\/li>\n\n<li style=\"color:var(--wp--preset--color--foreground);background-color:var(--wp--preset--color--background);\" class=\"wp-social-link wp-social-link-facebook has-foreground-color has-background-background-color wp-block-social-link\"><a href=\"https:\/\/www.facebook.com\/profile.php?id=61575507867352&#038;sk=about\" class=\"wp-block-social-link-anchor\"><svg width=\"24\" height=\"24\" viewBox=\"0 0 24 24\" version=\"1.1\" xmlns=\"http:\/\/www.w3.org\/2000\/svg\" aria-hidden=\"true\" focusable=\"false\"><path d=\"M12 2C6.5 2 2 6.5 2 12c0 5 3.7 9.1 8.4 9.9v-7H7.9V12h2.5V9.8c0-2.5 1.5-3.9 3.8-3.9 1.1 0 2.2.2 2.2.2v2.5h-1.3c-1.2 0-1.6.8-1.6 1.6V12h2.8l-.4 2.9h-2.3v7C18.3 21.1 22 17 22 12c0-5.5-4.5-10-10-10z\"><\/path><\/svg><span class=\"wp-block-social-link-label screen-reader-text\">https:\/\/www.facebook.com\/profile.php?id=61575507867352&amp;sk=about<\/span><\/a><\/li><\/ul>\n\n\n\n<p class=\"has-text-align-center has-luminous-vivid-amber-color has-text-color has-link-color wp-elements-b5dd2a2d74d73b6ed5739e05e0b25718\" style=\"font-size:16px\">\u00a9 UnPcpourMoi<\/p>\n<\/div>\n<\/div>\n\n\n\n<blockquote class=\"wp-block-quote is-layout-flow wp-block-quote-is-layout-flow\">\n<p><\/p>\n<\/blockquote>\n","protected":false},"excerpt":{"rendered":"<p>Nouveau Site en ligne Pour Avoir Acc\u00e8s Au Services Cliquez Juste ici<\/p>\n","protected":false},"author":1,"featured_media":0,"parent":0,"menu_order":0,"comment_status":"closed","ping_status":"closed","template":"blank","meta":{"footnotes":""},"class_list":["post-7","page","type-page","status-publish","hentry"],"yoast_head":"<!-- This site is optimized with the Yoast SEO plugin v24.9 - https:\/\/yoast.com\/wordpress\/plugins\/seo\/ -->\n<title>accueil - UnPCPourmoi<\/title>\n<meta name=\"robots\" content=\"index, follow, max-snippet:-1, max-image-preview:large, max-video-preview:-1\" \/>\n<link rel=\"canonical\" href=\"https:\/\/unpcpourmoi.fr\/\" \/>\n<meta property=\"og:locale\" content=\"fr_FR\" \/>\n<meta property=\"og:type\" content=\"article\" \/>\n<meta property=\"og:title\" content=\"accueil - UnPCPourmoi\" \/>\n<meta property=\"og:description\" content=\"Nouveau Site en ligne Pour Avoir Acc\u00e8s Au Services Cliquez Juste ici\" \/>\n<meta property=\"og:url\" content=\"https:\/\/unpcpourmoi.fr\/\" \/>\n<meta property=\"og:site_name\" content=\"UnPCPourmoi\" \/>\n<meta property=\"article:publisher\" content=\"https:\/\/www.facebook.com\/people\/Unpcpourmoi\/61575507867352\/#\" \/>\n<meta property=\"article:modified_time\" content=\"2025-09-16T21:32:13+00:00\" \/>\n<meta property=\"og:image\" content=\"http:\/\/unpcpourmoi.fr\/wp-content\/uploads\/2025\/04\/pc-576x1024.jpg\" \/>\n<meta name=\"twitter:card\" content=\"summary_large_image\" \/>\n<meta name=\"twitter:label1\" content=\"Dur\u00e9e de lecture estim\u00e9e\" \/>\n\t<meta name=\"twitter:data1\" content=\"1 minute\" \/>\n<script type=\"application\/ld+json\" class=\"yoast-schema-graph\">{\"@context\":\"https:\/\/schema.org\",\"@graph\":[{\"@type\":\"WebPage\",\"@id\":\"https:\/\/unpcpourmoi.fr\/\",\"url\":\"https:\/\/unpcpourmoi.fr\/\",\"name\":\"accueil - UnPCPourmoi\",\"isPartOf\":{\"@id\":\"https:\/\/unpcpourmoi.fr\/#website\"},\"primaryImageOfPage\":{\"@id\":\"https:\/\/unpcpourmoi.fr\/#primaryimage\"},\"image\":{\"@id\":\"https:\/\/unpcpourmoi.fr\/#primaryimage\"},\"thumbnailUrl\":\"http:\/\/unpcpourmoi.fr\/wp-content\/uploads\/2025\/04\/pc-576x1024.jpg\",\"datePublished\":\"2025-04-08T09:49:59+00:00\",\"dateModified\":\"2025-09-16T21:32:13+00:00\",\"breadcrumb\":{\"@id\":\"https:\/\/unpcpourmoi.fr\/#breadcrumb\"},\"inLanguage\":\"fr-FR\",\"potentialAction\":[{\"@type\":\"ReadAction\",\"target\":[\"https:\/\/unpcpourmoi.fr\/\"]}]},{\"@type\":\"ImageObject\",\"inLanguage\":\"fr-FR\",\"@id\":\"https:\/\/unpcpourmoi.fr\/#primaryimage\",\"url\":\"http:\/\/unpcpourmoi.fr\/wp-content\/uploads\/2025\/04\/pc-576x1024.jpg\",\"contentUrl\":\"http:\/\/unpcpourmoi.fr\/wp-content\/uploads\/2025\/04\/pc-576x1024.jpg\"},{\"@type\":\"BreadcrumbList\",\"@id\":\"https:\/\/unpcpourmoi.fr\/#breadcrumb\",\"itemListElement\":[{\"@type\":\"ListItem\",\"position\":1,\"name\":\"Accueil\",\"item\":\"https:\/\/unpcpourmoi.fr\/\"},{\"@type\":\"ListItem\",\"position\":2,\"name\":\"accueil\"}]},{\"@type\":\"WebSite\",\"@id\":\"https:\/\/unpcpourmoi.fr\/#website\",\"url\":\"https:\/\/unpcpourmoi.fr\/\",\"name\":\"UnPCPourmoi\",\"description\":\"UnPCPourmoi\",\"publisher\":{\"@id\":\"https:\/\/unpcpourmoi.fr\/#organization\"},\"potentialAction\":[{\"@type\":\"SearchAction\",\"target\":{\"@type\":\"EntryPoint\",\"urlTemplate\":\"https:\/\/unpcpourmoi.fr\/?s={search_term_string}\"},\"query-input\":{\"@type\":\"PropertyValueSpecification\",\"valueRequired\":true,\"valueName\":\"search_term_string\"}}],\"inLanguage\":\"fr-FR\"},{\"@type\":\"Organization\",\"@id\":\"https:\/\/unpcpourmoi.fr\/#organization\",\"name\":\"UnPCPourmoi\",\"url\":\"https:\/\/unpcpourmoi.fr\/\",\"logo\":{\"@type\":\"ImageObject\",\"inLanguage\":\"fr-FR\",\"@id\":\"https:\/\/unpcpourmoi.fr\/#\/schema\/logo\/image\/\",\"url\":\"https:\/\/unpcpourmoi.fr\/wp-content\/uploads\/2025\/04\/cropped-logo-3.png\",\"contentUrl\":\"https:\/\/unpcpourmoi.fr\/wp-content\/uploads\/2025\/04\/cropped-logo-3.png\",\"width\":512,\"height\":512,\"caption\":\"UnPCPourmoi\"},\"image\":{\"@id\":\"https:\/\/unpcpourmoi.fr\/#\/schema\/logo\/image\/\"},\"sameAs\":[\"https:\/\/www.facebook.com\/people\/Unpcpourmoi\/61575507867352\/#\"]}]}<\/script>\n<!-- \/ Yoast SEO plugin. -->","yoast_head_json":{"title":"accueil - UnPCPourmoi","robots":{"index":"index","follow":"follow","max-snippet":"max-snippet:-1","max-image-preview":"max-image-preview:large","max-video-preview":"max-video-preview:-1"},"canonical":"https:\/\/unpcpourmoi.fr\/","og_locale":"fr_FR","og_type":"article","og_title":"accueil - UnPCPourmoi","og_description":"Nouveau Site en ligne Pour Avoir Acc\u00e8s Au Services Cliquez Juste ici","og_url":"https:\/\/unpcpourmoi.fr\/","og_site_name":"UnPCPourmoi","article_publisher":"https:\/\/www.facebook.com\/people\/Unpcpourmoi\/61575507867352\/#","article_modified_time":"2025-09-16T21:32:13+00:00","og_image":[{"url":"http:\/\/unpcpourmoi.fr\/wp-content\/uploads\/2025\/04\/pc-576x1024.jpg","type":"","width":"","height":""}],"twitter_card":"summary_large_image","twitter_misc":{"Dur\u00e9e de lecture estim\u00e9e":"1 minute"},"schema":{"@context":"https:\/\/schema.org","@graph":[{"@type":"WebPage","@id":"https:\/\/unpcpourmoi.fr\/","url":"https:\/\/unpcpourmoi.fr\/","name":"accueil - UnPCPourmoi","isPartOf":{"@id":"https:\/\/unpcpourmoi.fr\/#website"},"primaryImageOfPage":{"@id":"https:\/\/unpcpourmoi.fr\/#primaryimage"},"image":{"@id":"https:\/\/unpcpourmoi.fr\/#primaryimage"},"thumbnailUrl":"http:\/\/unpcpourmoi.fr\/wp-content\/uploads\/2025\/04\/pc-576x1024.jpg","datePublished":"2025-04-08T09:49:59+00:00","dateModified":"2025-09-16T21:32:13+00:00","breadcrumb":{"@id":"https:\/\/unpcpourmoi.fr\/#breadcrumb"},"inLanguage":"fr-FR","potentialAction":[{"@type":"ReadAction","target":["https:\/\/unpcpourmoi.fr\/"]}]},{"@type":"ImageObject","inLanguage":"fr-FR","@id":"https:\/\/unpcpourmoi.fr\/#primaryimage","url":"http:\/\/unpcpourmoi.fr\/wp-content\/uploads\/2025\/04\/pc-576x1024.jpg","contentUrl":"http:\/\/unpcpourmoi.fr\/wp-content\/uploads\/2025\/04\/pc-576x1024.jpg"},{"@type":"BreadcrumbList","@id":"https:\/\/unpcpourmoi.fr\/#breadcrumb","itemListElement":[{"@type":"ListItem","position":1,"name":"Accueil","item":"https:\/\/unpcpourmoi.fr\/"},{"@type":"ListItem","position":2,"name":"accueil"}]},{"@type":"WebSite","@id":"https:\/\/unpcpourmoi.fr\/#website","url":"https:\/\/unpcpourmoi.fr\/","name":"UnPCPourmoi","description":"UnPCPourmoi","publisher":{"@id":"https:\/\/unpcpourmoi.fr\/#organization"},"potentialAction":[{"@type":"SearchAction","target":{"@type":"EntryPoint","urlTemplate":"https:\/\/unpcpourmoi.fr\/?s={search_term_string}"},"query-input":{"@type":"PropertyValueSpecification","valueRequired":true,"valueName":"search_term_string"}}],"inLanguage":"fr-FR"},{"@type":"Organization","@id":"https:\/\/unpcpourmoi.fr\/#organization","name":"UnPCPourmoi","url":"https:\/\/unpcpourmoi.fr\/","logo":{"@type":"ImageObject","inLanguage":"fr-FR","@id":"https:\/\/unpcpourmoi.fr\/#\/schema\/logo\/image\/","url":"https:\/\/unpcpourmoi.fr\/wp-content\/uploads\/2025\/04\/cropped-logo-3.png","contentUrl":"https:\/\/unpcpourmoi.fr\/wp-content\/uploads\/2025\/04\/cropped-logo-3.png","width":512,"height":512,"caption":"UnPCPourmoi"},"image":{"@id":"https:\/\/unpcpourmoi.fr\/#\/schema\/logo\/image\/"},"sameAs":["https:\/\/www.facebook.com\/people\/Unpcpourmoi\/61575507867352\/#"]}]}},"_links":{"self":[{"href":"https:\/\/unpcpourmoi.fr\/index.php?rest_route=\/wp\/v2\/pages\/7","targetHints":{"allow":["GET"]}}],"collection":[{"href":"https:\/\/unpcpourmoi.fr\/index.php?rest_route=\/wp\/v2\/pages"}],"about":[{"href":"https:\/\/unpcpourmoi.fr\/index.php?rest_route=\/wp\/v2\/types\/page"}],"author":[{"embeddable":true,"href":"https:\/\/unpcpourmoi.fr\/index.php?rest_route=\/wp\/v2\/users\/1"}],"replies":[{"embeddable":true,"href":"https:\/\/unpcpourmoi.fr\/index.php?rest_route=%2Fwp%2Fv2%2Fcomments&post=7"}],"version-history":[{"count":19,"href":"https:\/\/unpcpourmoi.fr\/index.php?rest_route=\/wp\/v2\/pages\/7\/revisions"}],"predecessor-version":[{"id":222,"href":"https:\/\/unpcpourmoi.fr\/index.php?rest_route=\/wp\/v2\/pages\/7\/revisions\/222"}],"wp:attachment":[{"href":"https:\/\/unpcpourmoi.fr\/index.php?rest_route=%2Fwp%2Fv2%2Fmedia&parent=7"}],"curies":[{"name":"wp","href":"https:\/\/api.w.org\/{rel}","templated":true}]}}